{"id":39,"date":"2016-08-11T08:55:34","date_gmt":"2016-08-11T08:55:34","guid":{"rendered":"http:\/\/sw-themes.com\/porto_dummy\/law-firm\/?page_id=39"},"modified":"2021-12-08T13:02:42","modified_gmt":"2021-12-08T16:02:42","slug":"sobre","status":"publish","type":"page","link":"https:\/\/advogadoscorreia.com.br\/index.php\/sobre\/","title":{"rendered":"Quem somos"},"content":{"rendered":"<p>[vc_row][vc_column width=&#8221;7\/12&#8243;][vc_custom_heading text=&#8221;Sobre Correia Advocacia&#8221; font_container=&#8221;tag:h2|font_size:36|text_align:left&#8221; use_theme_fonts=&#8221;yes&#8221; el_class=&#8221;m-b-md&#8221;][vc_separator color=&#8221;custom&#8221; align=&#8221;align_left&#8221; border_width=&#8221;3&#8243; type=&#8221;small&#8221; accent_color=&#8221;#cfa968&#8243;][vc_column_text el_class=&#8221;lead m-b-lg&#8221;]<\/p>\n<p style=\"text-align: justify;\">Escrit\u00f3rio jur\u00eddico especializado nas \u00e1reas: Direito do Consumidor, Civil, Fam\u00edlia e Trabalhista, com mais de 05 anos de experi\u00eancia, atuando com brilhantismo e transpar\u00eancia em todas as causas jur\u00eddicas.<\/p>\n<p style=\"text-align: justify;\">Prezando sempre pela excel\u00eancia na execu\u00e7\u00e3o do trabalho e a confian\u00e7a do cliente, fornecendo atendimento de qualidade, utilizando todas as ferramentas e tecnologias necess\u00e1rias para garantir a solu\u00e7\u00e3o do problema jur\u00eddico.<\/p>\n<p style=\"text-align: justify;\">Desde o primeiro contato conosco at\u00e9 a conclus\u00e3o do caso concreto, certificamos que o nosso escrit\u00f3rio trabalhar\u00e1 incansavelmente e exercer\u00e1 os mais altos padr\u00f5es de cuidado e profissionalismo para resolver o seu problema. Navegue pelo nosso site e saiba mais.<\/p>\n<p>[\/vc_column_text][vc_separator color=&#8221;custom&#8221; align=&#8221;align_left&#8221; border_width=&#8221;3&#8243; type=&#8221;small&#8221; accent_color=&#8221;#cfa968&#8243;][vc_custom_heading text=&#8221;Expertise&#8221; use_theme_fonts=&#8221;yes&#8221; el_class=&#8221;m-b-md&#8221;][vc_separator color=&#8221;custom&#8221; align=&#8221;align_left&#8221; border_width=&#8221;3&#8243; type=&#8221;small&#8221; accent_color=&#8221;#cfa968&#8243;][vc_column_text]<em><strong>Na defesa de direitos individuais e coletivos, a experi\u00eancia e a solu\u00e7\u00e3o, proporcionando a maturidade e serenidade necess\u00e1ria para enfrentar os grandes desafios proporcionados pelo direito.<\/strong><\/em>[\/vc_column_text][\/vc_column][vc_column width=&#8221;1\/12&#8243;][\/vc_column][vc_column width=&#8221;1\/3&#8243;][vc_custom_heading text=&#8221;Wellington Correia da Silva&#8221; font_container=&#8221;tag:h4|text_align:left&#8221; use_theme_fonts=&#8221;yes&#8221;][vc_separator color=&#8221;custom&#8221; align=&#8221;align_left&#8221; border_width=&#8221;3&#8243; type=&#8221;small&#8221; accent_color=&#8221;#cfa968&#8243;][vc_single_image image=&#8221;166&#8243;]<div class=\"porto-blockquote wpb_content_element \"><blockquote class=\"  blockquote-secondary\"><p>&#8220;<span class=\"wixGuard\">\u200b <\/span>Inscrito na OAB\/RJ 203.055, Graduado em Direito pela Universidade Salgado de Oliveira em agosto de 2015. P\u00f3s-Graduado em Direito Penal e Processo Penal e Direito do Trabalho e Processo do Trabalho, ambos, pela Universidade C\u00e2ndido Mendes\/RJ.&#8221;<\/p><footer>Wellington Correia da Silva - <cite title=\"FUNDADOR\">FUNDADOR<\/cite><\/footer><\/blockquote><\/div>[vc_separator color=&#8221;custom&#8221; align=&#8221;align_left&#8221; border_width=&#8221;3&#8243; type=&#8221;small&#8221; accent_color=&#8221;#cfa968&#8243;][\/vc_column][\/vc_row]<\/p>\n","protected":false},"excerpt":{"rendered":"<p>[vc_row][vc_column width=&#8221;7\/12&#8243;][vc_custom_heading text=&#8221;Sobre Correia Advocacia&#8221; font_container=&#8221;tag:h2|font_size:36|text_align:left&#8221; use_theme_fonts=&#8221;yes&#8221; el_class=&#8221;m-b-md&#8221;][vc_separator color=&#8221;custom&#8221; align=&#8221;align_left&#8221; border_width=&#8221;3&#8243; type=&#8221;small&#8221; accent_color=&#8221;#cfa968&#8243;][vc_column_text el_class=&#8221;lead m-b-lg&#8221;] Escrit\u00f3rio jur\u00eddico especializado nas \u00e1reas: Direito do Consumidor, Civil, Fam\u00edlia e Trabalhista, com mais de 05 anos de experi\u00eancia, atuando com brilhantismo e transpar\u00eancia em todas as causas jur\u00eddicas. Prezando sempre pela excel\u00eancia na execu\u00e7\u00e3o do trabalho e a confian\u00e7a [&hellip;]<\/p>\n","protected":false},"author":1,"featured_media":0,"parent":0,"menu_order":0,"comment_status":"closed","ping_status":"closed","template":"","meta":{"om_disable_all_campaigns":false,"_monsterinsights_skip_tracking":false,"_monsterinsights_sitenote_active":false,"_monsterinsights_sitenote_note":"","_monsterinsights_sitenote_category":0,"footnotes":""},"_links":{"self":[{"href":"https:\/\/advogadoscorreia.com.br\/index.php\/wp-json\/wp\/v2\/pages\/39"}],"collection":[{"href":"https:\/\/advogadoscorreia.com.br\/index.php\/wp-json\/wp\/v2\/pages"}],"about":[{"href":"https:\/\/advogadoscorreia.com.br\/index.php\/wp-json\/wp\/v2\/types\/page"}],"author":[{"embeddable":true,"href":"https:\/\/advogadoscorreia.com.br\/index.php\/wp-json\/wp\/v2\/users\/1"}],"replies":[{"embeddable":true,"href":"https:\/\/advogadoscorreia.com.br\/index.php\/wp-json\/wp\/v2\/comments?post=39"}],"version-history":[{"count":12,"href":"https:\/\/advogadoscorreia.com.br\/index.php\/wp-json\/wp\/v2\/pages\/39\/revisions"}],"predecessor-version":[{"id":278,"href":"https:\/\/advogadoscorreia.com.br\/index.php\/wp-json\/wp\/v2\/pages\/39\/revisions\/278"}],"wp:attachment":[{"href":"https:\/\/advogadoscorreia.com.br\/index.php\/wp-json\/wp\/v2\/media?parent=39"}],"curies":[{"name":"wp","href":"https:\/\/api.w.org\/{rel}","templated":true}]}}

<p>[vc_row][vc_column width=&#8221;7/12&#8243;][vc_custom_heading text=&#8221;Sobre Correia Advocacia&#8221; font_container=&#8221;tag:h2|font_size:36|text_align:left&#8221; use_theme_fonts=&#8221;yes&#8221; el_class=&#8221;m-b-md&#8221;][vc_separator color=&#8221;custom&#8221; align=&#8221;align_left&#8221; border_width=&#8221;3&#8243; type=&#8221;small&#8221; accent_color=&#8221;#cfa968&#8243;][vc_column_text el_class=&#8221;lead m-b-lg&#8221;]</p>
<p style="text-align: justify;">Escritório jurídico especializado nas áreas: Direito do Consumidor, Civil, Família e Trabalhista, com mais de 05 anos de experiência, atuando com brilhantismo e transparência em todas as causas jurídicas.</p>
<p style="text-align: justify;">Prezando sempre pela excelência na execução do trabalho e a confiança do cliente, fornecendo atendimento de qualidade, utilizando todas as ferramentas e tecnologias necessárias para garantir a solução do problema jurídico.</p>
<p style="text-align: justify;">Desde o primeiro contato conosco até a conclusão do caso concreto, certificamos que o nosso escritório trabalhará incansavelmente e exercerá os mais altos padrões de cuidado e profissionalismo para resolver o seu problema. Navegue pelo nosso site e saiba mais.</p>
<p>[/vc_column_text][vc_separator color=&#8221;custom&#8221; align=&#8221;align_left&#8221; border_width=&#8221;3&#8243; type=&#8221;small&#8221; accent_color=&#8221;#cfa968&#8243;][vc_custom_heading text=&#8221;Expertise&#8221; use_theme_fonts=&#8221;yes&#8221; el_class=&#8221;m-b-md&#8221;][vc_separator color=&#8221;custom&#8221; align=&#8221;align_left&#8221; border_width=&#8221;3&#8243; type=&#8221;small&#8221; accent_color=&#8221;#cfa968&#8243;][vc_column_text]<em><strong>Na defesa de direitos individuais e coletivos, a experiência e a solução, proporcionando a maturidade e serenidade necessária para enfrentar os grandes desafios proporcionados pelo direito.</strong></em>[/vc_column_text][/vc_column][vc_column width=&#8221;1/12&#8243;][/vc_column][vc_column width=&#8221;1/3&#8243;][vc_custom_heading text=&#8221;Wellington Correia da Silva&#8221; font_container=&#8221;tag:h4|text_align:left&#8221; use_theme_fonts=&#8221;yes&#8221;][vc_separator color=&#8221;custom&#8221; align=&#8221;align_left&#8221; border_width=&#8221;3&#8243; type=&#8221;small&#8221; accent_color=&#8221;#cfa968&#8243;][vc_single_image image=&#8221;166&#8243;]<div class="porto-blockquote wpb_content_element "><blockquote class="  blockquote-secondary"><p>&#8220;<span class="wixGuard">​ </span>Inscrito na OAB/RJ 203.055, Graduado em Direito pela Universidade Salgado de Oliveira em agosto de 2015. Pós-Graduado em Direito Penal e Processo Penal e Direito do Trabalho e Processo do Trabalho, ambos, pela Universidade Cândido Mendes/RJ.&#8221;</p><footer>Wellington Correia da Silva - <cite title="FUNDADOR">FUNDADOR</cite></footer></blockquote></div>[vc_separator color=&#8221;custom&#8221; align=&#8221;align_left&#8221; border_width=&#8221;3&#8243; type=&#8221;small&#8221; accent_color=&#8221;#cfa968&#8243;][/vc_column][/vc_row]</p>

<p>[vc_row][vc_column width=&#8221;7/12&#8243;][vc_custom_heading text=&#8221;Sobre Correia Advocacia&#8221; font_container=&#8221;tag:h2|font_size:36|text_align:left&#8221; use_theme_fonts=&#8221;yes&#8221; el_class=&#8221;m-b-md&#8221;][vc_separator color=&#8221;custom&#8221; align=&#8221;align_left&#8221; border_width=&#8221;3&#8243; type=&#8221;small&#8221; accent_color=&#8221;#cfa968&#8243;][vc_column_text el_class=&#8221;lead m-b-lg&#8221;] Escritório jurídico especializado nas áreas: Direito do Consumidor, Civil, Família e Trabalhista, com mais de 05 anos de experiência, atuando com brilhantismo e transparência em todas as causas jurídicas. Prezando sempre pela excelência na execução do trabalho e a confiança [&hellip;]</p>
